{"id":4660,"date":"2019-01-21T15:45:51","date_gmt":"2019-01-21T15:45:51","guid":{"rendered":"http:\/\/lehnen-schorer.com\/?page_id=4660"},"modified":"2025-02-16T10:22:16","modified_gmt":"2025-02-16T10:22:16","slug":"01_home","status":"publish","type":"page","link":"https:\/\/x-labarch.com\/?page_id=4660&lang=de","title":{"rendered":"Startseite"},"content":{"rendered":"\n<div style=\"margin-top:30px;margin-bottom:25px;\" class=\"separator\"><\/div>\n<div class='action'><h2>Wir arbeiten mit unseren Bauherren als Partner zusammen, um Projekte erfolgreich zu verwirklichen<\/h2>\n<div style=\"height:1px;\" class=\"separator\"><\/div>\n<div class=\"three_columns clearfix\">\n<div class=\"column1\"><div class=\"column_inner\">\n<h4>\u00dcber uns<\/h4>\n<p>X-Lab ist ein international t\u00e4tiges Architekturb\u00fcro, das urspr\u00fcnglich in M\u00fcnchen als LAS gegr\u00fcndet wurde. Wir blicken auf ein breites Erfahrungsspektrum an realisierten Projekten aus B\u00fcro-, Wohn-, und Industriegeb\u00e4uden sowie 5 Sterne Hotels und luxuri\u00f6sen Villen.<\/p>\n<a href=\"?page_id=4204\" target=\"\" class=\"button tiny\" style=\"font-style: normal; \">mehr<\/a>\n<\/div><\/div>\n<div class=\"column2\"><div class=\"column_inner\">\n<h4>Wie wir arbeiten<\/h4>\n<p>Wir wissen, dass Herausforderungen gro\u00dfartige Resultate hervorbringen k\u00f6nnen. Unser gestalterisches Wirken entsteht aus dem Anspruch und den speziellen Anforderungen die jedes Projekt an uns stellt.<br \/>\nKunst, Kreativit\u00e4t und eine innovative L\u00f6sungsfindung sind Teil unseres intensiven Planungsprozesses.<br \/>\nPlanung ist ein gemeinsamer Schaffensprozess und wir arbeiten mit unseren Bauherren als Partner zusammen, um Projekte erfolgreich zu verwirklichen.<\/p>\n<a href=\"?page_id=4749\" target=\"\" class=\"button tiny\" style=\"font-style: normal; \">mehr<\/a>\n<\/div><\/div>\n<div class=\"column3\"><div class=\"column_inner\">\n<h4>Nachhaltigkeit<\/h4>\n<p>Nachhaltiges Bauen ist ein wichtiger Bestandteil unserer Arbeit. Wir sind mit verschiedensten Regularien zu nachhaltigem Bauen vertraut: LEED, EnEV, DGNB und BREEAM geben uns das grundlegende Verst\u00e4ndnis daf\u00fcr, wie die jeweiligen Anforderungen an Nachhaltigkeit in den verschiedensten Regionen der Welt sind. Wir arbeiten mit Passion an nachhaltigen Konzepten und sind stolz darauf, dass wir unseren Bauherren stets innovative und effiziente L\u00f6sungen unterbreiten k\u00f6nnen.<\/p>\n<a href=\"?page_id=4741\" target=\"\" class=\"button tiny\" style=\"font-style: normal; \">Kontakt<\/a>\n<\/div><\/div>\n<\/div>\n<\/div>\n<div style=\"margin-top:21px;margin-bottom:25px;\" class=\"separator\"><\/div>\n","protected":false},"excerpt":{"rendered":"","protected":false},"author":1,"featured_media":0,"parent":0,"menu_order":0,"comment_status":"closed","ping_status":"closed","template":"","meta":{"footnotes":""},"class_list":["post-4660","page","type-page","status-publish","hentry"],"_links":{"self":[{"href":"https:\/\/x-labarch.com\/index.php?rest_route=\/wp\/v2\/pages\/4660"}],"collection":[{"href":"https:\/\/x-labarch.com\/index.php?rest_route=\/wp\/v2\/pages"}],"about":[{"href":"https:\/\/x-labarch.com\/index.php?rest_route=\/wp\/v2\/types\/page"}],"author":[{"embeddable":true,"href":"https:\/\/x-labarch.com\/index.php?rest_route=\/wp\/v2\/users\/1"}],"replies":[{"embeddable":true,"href":"https:\/\/x-labarch.com\/index.php?rest_route=%2Fwp%2Fv2%2Fcomments&post=4660"}],"version-history":[{"count":30,"href":"https:\/\/x-labarch.com\/index.php?rest_route=\/wp\/v2\/pages\/4660\/revisions"}],"predecessor-version":[{"id":5393,"href":"https:\/\/x-labarch.com\/index.php?rest_route=\/wp\/v2\/pages\/4660\/revisions\/5393"}],"wp:attachment":[{"href":"https:\/\/x-labarch.com\/index.php?rest_route=%2Fwp%2Fv2%2Fmedia&parent=4660"}],"curies":[{"name":"wp","href":"https:\/\/api.w.org\/{rel}","templated":true}]}}